posite number?
False
Let d be ((-20 + 24)*(-1 - 33))/(-1). Suppose -135*t = -d*t + 6379. Is t a prime number?
True
Let w be (-14 - 0) + (-7)/(-7). Let q(o) = o**2 + 12*o - 9. Let f be q(w). Suppose -b - f*v = -3*b + 5150, 5*b - 12863 = -2*v. Is b prime?
False
Let q be -15 - 405/(-36) - (-3)/4. Is ((-35797)/(-1))/(-7 + (5 - q)) a prime number?
True
Is (-5679352)/(-6) - 260/390 - 9 composite?
False
Suppose 0 = -71*b + 68*b + 5*i + 202017, 24*i = 0. Is b prime?
True
Suppose -49*v + 680099 = 48*v - 10463940. Is v a prime number?
False
Is 3/(45/(-6)) - ((-33195594)/15)/34 prime?
True
Let l be (20/6 - 2)/((-6)/(-18)). Suppose -1065 = -5*g - l*m + 6*m, -213 = -g + 3*m. Is g - ((-4)/(-2) - -2) a prime number?
False
Let x(p) be the second derivative of p**3/6 + 3*p**2 - p. Let d be x(-3). Suppose 1035 - 3993 = -d*v - 3*q, v = 4*q + 1001. Is v prime?
False
Suppose -c - 4*q = -3*q - 129619, -3*q - 259223 = -2*c. Suppose 0 = 13*b + 3*b - c. Is b prime?
True
Let o = -19499 - -30790. Is o prime?
False
Suppose 0 = -25*i + 30*i - 345. Let h be 6*45/5*i. Suppose 0 = 2*k - h + 1336. Is k composite?
True
Let f(k) = k**3 - 6*k**2 - 10*k - 7. Let l be f(8). Let o = 48 - l. Is 14340/108 + (o/(-9) - -1) composite?
True
Is (6039969/(-26))/((-354)/252 + 4/(-42)) composite?
False
Let h = 4 + -49. Let f be (-3 - h/20)*-4. Suppose -148 = -4*n + a - 2*a, -f*n + 111 = 2*a. Is n a composite number?
False
Let o be (-1961)/(-6) + 20/120. Suppose 0 = u - 1208 - o. Is u a prime number?
False
Let r be (422/(-6))/((-3)/(-333)). Let h = 13644 + r. Is h composite?
True
Let o = 21 + -20. Let l = o - -3. Let z(j) = 27*j**2 + 3*j + 7. Is z(l) prime?
False
Let o = 267923 - 132702. Suppose -w - w - 3*f + 54095 = 0, 5*w + 2*f - o = 0. Is w a prime number?
True
Let t(q) = q**3 - 2*q**2 - q. Let l(b) = 10*b**3 + 14*b**2 - 8*b + 13. Let s(c) = l(c) + 4*t(c). Is s(6) a prime number?
True
Let y(u) be the second derivative of 5*u**4/6 + 5*u**3/3 + 11*u**2/2 - 320*u. Let j(f) = f**3 - 5*f**2 + f + 2. Let c be j(4). Is y(c) composite?
False
Let a = 31747 + 13560. Is a a prime number?
True
Suppose -f + 2*i + 310 + 323 = 0, -5*f + 3172 = -3*i. Suppose -o - 768 = 2*o. Let n = f + o. Is n prime?
True
Let c be (-18984)/(-40) - 4/(-10). Let d = c - -483. Let p = 1645 - d. Is p composite?
True
Let d(c) = 41379*c - 6944. Is d(13) a prime number?
True
Let i = -205 + 201. Is 14509 - (-13 - (-3 + i)) a composite number?
True
Let w(k) = -26*k**3 - 19*k**2 + 20*k + 92. Is w(-15) a composite number?
False
Let a(r) = 2*r + 19. Let x be a(-7). Let b(q) = q**3 + 3*q + 2. Let j be b(0). Suppose 0 = -d - x*p + 223 + 19, -2*p = j*d - 444. Is d composite?
True
Suppose -10*g + 30 = -4*g. Let b be -16*1/(-3 + g). Is 5/(-20) - 4330/b prime?
True
Suppose -5*o - 90 = -15*o. Let g(t) = t**2 + 12*t + 10. Let f be g(o). Let c = f + 292. Is c a composite number?
False
Let w(a) = -5*a**2 - 82*a - 15. Let g be w(-16). Let y(p) = 305*p - 38. Is y(g) composite?
False
Is (57443448/10)/3 + (-2697)/(-155) + -18 composite?
True
Suppose -3*v - 4*d + 98163 = 0, -d - 18 = -4*d. Is v a composite number?
False
Let q(n) = -93*n + 22. Let t be -1 - 16/6*6/4. Is q(t) a prime number?
True
Suppose 5*b + 8 = -s, 5*s - 10 = -b - 2. Suppose h = s*z + 2079, 5200 = -4*z - z + 3*h. Let i = -640 - z. Is i a composite number?
False
Is (51/12)/(-17) + -4 + 179892/16 prime?
True
Let o = -7 - -12. Suppose -2213 = -o*x + 3517. Let y = x - 493. Is y prime?
True
Let o(m) = -9789*m + 377. Is o(-6) a prime number?
False
Suppose 2*f - 13*v - 12 = -17*v, -3*f = -5*v - 62. Suppose -f*s + 97302 = -8*s. Is s prime?
True
Let n(o) = 14 - 679*o**2 + 3 + 45*o**3 + 9*o + 26*o + 669*o**2 + 10*o**3. Is n(7) a composite number?
False
Let r(y) = -y**3 - 2*y**2 + y + 4. Let k be (-5 - (-6 - -2)) + 1/1. Suppose k = -5*h - 15 - 5, p - 2*h = 2. Is r(p) a prime number?
False
Let x = -351 - -353. Suppose -14*a + 99390 = 3*m - 11*a, -4*m + 132514 = x*a. Is m composite?
True
Is (-205)/(-82)*21278/5 composite?
False
Let h(p) = -p**3 - 20*p**2 - 20*p - 24. Let t be h(-24). Suppose 5*j - t = 1250. Is j a prime number?
False
Let f = -20380 - -36408. Suppose -6*w = 2*d - w - f, 3*w - 24033 = -3*d. Is d a prime number?
True
Let v(d) = d**2 - 8*d + 16. Let h be v(5). Suppose 2*y - 784 = g, y + 0 = -h. Let w = 1789 + g. Is w composite?
True
Suppose -5*s = 4*p + 12, 4*s = -s - 20. Let u(j) = 565*j - 15. Is u(p) prime?
False
Let i(v) = 3*v - 16. Let n be i(3). Let f = -6 - n. Is 1/(3 - f)*1418 a prime number?
True
Is 1/(-16) + 48988866/544 composite?
False
Let s = 31 - 36. Is -1031*((2 - s)*-1)/1 composite?
True
Let n = 114608 - 68049. Is n a prime number?
True
Let j(b) = b**3 + 9*b**2 + 11*b - 18. Let y be j(-7). Suppose -a - 3*m = -5941, -17823 = -3*a + y*m - 7*m. Is a a prime number?
False
Let r(t) = -785*t**3 + 35*t**2 + 12*t + 27. Is r(-10) composite?
True
Let w(d) = 561*d**3 + 36*d**2 - 21*d + 5. Let t(z) = 140*z**3 + 8*z**2 - 5*z + 1. Let r(c) = -9*t(c) + 2*w(c). Let j be (-2)/(-3)*1*-3. Is r(j) a prime number?
False
Let z = 8500 - 12812. Let y be (-4)/6 - 0 - z/(-84). Let n = y + 110. Is n composite?
True
Is (-2 - -122155) + (36/60 - (-66)/(-10)) a composite number?
False
Let j(a) = 3*a - 11. Let h be j(13). Let f(c) = c**2 - 30*c + 55. Let r be f(h). Is (1 + 5)*((-1087)/2)/r a composite number?
True
Suppose -2*k + m - 36 = -4*k, -5*k + 90 = -m. Let q be 1/6*-2 - (-186)/k. Suppose -q = 2*i, 3*i = -5*w - 2*i + 910. Is w a prime number?
False
Let t(k) = -60*k**2 - 3*k - 11. Let j(d) = 121*d**2 + 5*d + 23. Let s(z) = 2*j(z) + 5*t(z). Let g be s(5). Let u = g - -2983. Is u a composite number?
False
Let s = -824 + -1588. Let f = -1261 - s. Is f a composite number?
False
Let m(f) = 3*f**2 - 7*f - 82. Let t be m(-5). Let o(x) = 3*x**2 + 85*x + 111. Is o(t) a prime number?
False
Suppose 66*p - 1525601 = 55*p. Is p a composite number?
True
Suppose 2*y + 29 = -11. Let a(k) = 7*k**2 + 64*k - 3. Is a(y) a composite number?
True
Let a(r) = 6496*r**2 - 146*r - 433. Is a(-3) composite?
True
Suppose 380915 + 17146 = 27*u. Is u a composite number?
True
Suppose 1794*b + 12 = 1800*b. Is 5947 + (5 - 14/b - -8) a composite number?
False
Let u(n) = -n**3 + 10*n**2 - 7*n - 16. Let c be u(9). Suppose c*r - r = 58. Let g = 0 + r. Is g composite?
True
Let d be (-12 + 0)*4/(-3). Suppose -4*n - d = -3*i, -4*i + 5*n + 3 + 19 = 0. Suppose i*a - 1685 = 3*a. Is a composite?
False
Let u(g) = -3*g + 5. Let h be u(2). Let z(s) = -2*s**2 - 29*s - 26. Let v be z(-14). Is ((-194)/(-8))/(h/v) a prime number?
False
Let k(v) = 1925*v**2 - 4*v + 4. Let j be (6/9)/(1/3). Let b be k(j). Suppose 5*f + 1451 - b = 0. Is f a composite number?
False
Is 119*4/112*62108 a composite number?
True
Let i = 277 - 275. Suppose -s = -3*g + 25390, -i*g + 6*g - 33840 = 4*s. Is g composite?
True
Suppose 368201 = 5*z + 2*u, 5*z + 240*u = 241*u + 368207. Is z a prime number?
False
Let q = 520097 + -242676. Is q prime?
True
Let k = 1441 + -2217. Let n be ((-45)/10)/(6/k). Suppose -6*t + 0*t + n = 0. Is t a composite number?
False
Let d(a) = a**2. Let r(x) = -3*x**2 - 5*x - 3. Let m(p) = -2*d(p) - r(p). Let y be m(-5). Is (-24)/(-36) - 1/y*-337 prime?
True
Suppose 0*u + 26*u - 825994 = 0. Is u a composite number?
False
Suppose 0 = -60*x + 55*x. Is 146/(-219) - (x - 7498/6) prime?
True
Let a(m) = 36 - 10*m - 63 + 17*m**2 + 34 - 3*m. Is a(6) composite?
False
Suppose -35 = -5*c - 3*r, -4*r + 49 = -5*c + 119. Suppose 5*d + 5*y - 12110 = 0, -4839 = -c*d + 8*d - 3*y. Is d composite?
True
Let f(i) be the second derivative of 29*i**3/2 - 24*i**2 + i. Suppose -q + o = -13, -25*q + 29*q - 3*o = 54. Is f(q) composite?
True
Suppose -2*u + 2*b = -61250, 2*u = -111*b + 108*b + 61280. Is u prime?
True
Suppose 54*w + 0*w - 118440 = 103446. Is w composite?
True
Let i(o) = 13*o**3 - o**2 + 9*o + 4. Let l(s) = -7*s - 44. Let y be l(-7). Is i(y) a prime number?
False
Let z = 7993 - 203. Suppose 9*v - 3 = 43*v - 173. Suppose -3*k + z = 5*u, 0*k - k + v*u = -2630. Is k prime?
False
Let q(u) = -12*u - 52. Let h be q(-6). Is 12/h - (-24846)/15 composite?
False
Is -1*(-1 + -2)*152811/27 a composite number?
False
Let s = 28 - 28. Suppose 2*d = -5*a, 3*d + d + a = s. Suppose -6*o + 7409 = -o + v, -2*o + 4*v + 2946 = d. Is o prime?
True
Suppose 0 = 16*v - 21*v - 3530.